- 52, 10 = 2*r. What is the tens digit of i?
3
Let j(k) be the third derivative of k**4/6 - k**3/3 + 2*k**2. Let l be j(3). Suppose -5*y - 5*v + 67 = -28, l = 2*y - 5*v. What is the units digit of y?
5
Suppose i - 42 = -i. What is the units digit of i?
1
Suppose 0 = -0*o + 2*o + 30. Let n = 9 - o. What is the tens digit of n?
2
Let a = 0 - -6. Suppose -8*i + 6 = -a*i. What is the units digit of i?
3
Let h(m) be the third derivative of m**4/6 + 11*m**3/6 - m**2. What is the units digit of h(5)?
1
What is the tens digit of 83/2 - 6/(-12)?
4
Let u = 10 - 7. Let q = u - 2. What is the units digit of q?
1
Suppose 5*a - 6*a + 19 = 0. What is the units digit of a?
9
Let z = 1 + 2. Suppose -z*t + 12 = -0*t. Suppose -4*x + j - 21 = -t*j, 3*x - 3*j + 12 = 0. What is the units digit of x?
1
What is the units digit of (-592)/(-12) - (-2)/3?
0
Let n = -140 + 203. What is the tens digit of n?
6
Let h = -10 + 3. Let b(t) = -t - 8. Let w be b(h). Let f(o) = -7*o - 1. What is the units digit of f(w)?
6
Suppose 4*a - 31 = 5*t, 16 = 3*a - 5*t - 11. Suppose 60 = -9*n + a*n. Let f = -6 - n. What is the units digit of f?
6
Suppose 11 = 2*b + 3. Suppose 3 = -l + b*l. What is the tens digit of (12 - (3 - 6))*l?
1
Let t(g) = -g**2 + 13*g - 10. What is the tens digit of t(6)?
3
Let z(y) = 12*y - 8. What is the tens digit of z(6)?
6
Suppose y - 5*w - 9 = 0, 9 = 2*y + w - 2*w. What is the units digit of 1/(2*2/y)?
1
Let z(f) = -2*f**3 - 5*f**2 - 2*f - 1. What is the tens digit of z(-3)?
1
Let h be 56/6 - 4/(-6). Suppose -h = -3*m + m. Suppose -m = -2*z + 5. What is the units digit of z?
5
Let l be (-66)/9 - (-1)/3. Let r(x) = 3 + x**2 + 0 - 2 + 19*x - 13*x. What is the units digit of r(l)?
8
Suppose 3*r - a = 29, -2*r + 2*a + 40 = 2*r. Let q = r - 6. What is the units digit of q?
3
Let h be (-1)/(-3) - 8/(-3). Let w(p) be the first derivative of p**2/2 + 2*p + 2. What is the units digit of w(h)?
5
Let m(s) = s**2 + 4*s. Let k be m(-3). What is the units digit of -2*((-3 - -4) + k)?
4
Suppose -173 = 4*k - 453. What is the tens digit of k?
7
Let g = -3 - -5. Suppose -37 = -4*c + y + 28, -g*y - 62 = -4*c. What is the units digit of c?
7
What is the tens digit of (-252)/(-8) - 1/2?
3
Let q(x) = x**2 + 8*x + 20. What is the hundreds digit of q(8)?
1
Let z(y) = y**3 + 6*y**2 - 3*y - 2. Suppose -2 = 2*v + 10. What is the units digit of z(v)?
6
Suppose -3*a + 7*a + c - 550 = 0, -6 = -3*c. What is the units digit of a?
7
Suppose 0 = 2*f - 4*n, -2*f + 28 = n + 2*n. What is the units digit of f?
8
Let y = 56 - 6. What is the units digit of y?
0
Let b(n) = 3*n + 9. Let y(f) = -7*f - 18. Let h(l) = 5*b(l) + 2*y(l). Let d be h(-4). Suppose -27 = 2*q - d*q. What is the units digit of q?
9
Let w(a) = 5*a - 12. What is the tens digit of w(6)?
1
Suppose 5*a - 605 = -4*l, -3*l + 598 - 173 = -2*a. Suppose 0 = -h + 2*m + 31, -m = -0*h - 4*h + l. Let c = 52 - h. What is the units digit of c?
5
Suppose 4*t = -4*a + 40, 6*a - 2*t = 3*a + 15. What is the units digit of a?
7
Let t(v) = -3*v + 5. Let w(d) = 2*d - 5. Let n(l) = -3*t(l) - 4*w(l). Let p be n(-5). Suppose -x + 11 = -p*x. What is the tens digit of x?
1
Let r = 3 - -5. What is the tens digit of -1 - (3 - 2*r)?
1
Suppose -3*o + 55 = 2*o. Suppose 3*h - 5*y - o = 0, 4*h = 5*y - 2*y. What is the units digit of ((-6)/9)/(2/h)?
1
Let a be 2 - 1*3/(-1). Suppose 4*w - 12 = -a*r, -4*r + 3 = w - 0*w. What is the units digit of w?
3
Let w be (1 + -3 - -2)*-1. Suppose w = 6*x - 3*x - 138. Suppose -5*i - 11 = -x. What is the units digit of i?
7
Let c(p) be the second derivative of p**6/180 + 3*p**5/40 - 2*p**3/3 - 2*p. Let v(f) be the second derivative of c(f). What is the units digit of v(-6)?
8
Suppose -2*y = 2 - 0. Let i(q) = -5*q**3 + 3*q**3 - 4 - 4*q**3 + 3 - q. What is the units digit of i(y)?
6
Let i(v) = v**2 - v - 42. What is the units digit of i(-13)?
0
What is the tens digit of 183 - (-5 + 24/6)?
8
Let u be -6*(2 + 10/(-4)). Let d(h) = h**2 - 5*h + 3. Let p be d(u). Let o = p - -5. What is the units digit of o?
2
Let t(i) = 8*i - 1. Let y be t(5). Suppose -4*a + y = -a. What is the tens digit of a?
1
Let v(q) = -q**3 - 6*q**2 + 5*q - 6. Let m be 3 - (3/3)/1. Suppose -3*d - m*d - 50 = 5*i, -4*i = -3*d + 19. What is the units digit of v(i)?
8
Let j(l) = 3*l**2 + 2*l + 7. What is the units digit of j(3)?
0
Let v = -4 - -7. Suppose -5*g = v*d + 10, 10 = 3*d + g - 0*g. What is the units digit of d?
5
Suppose -29 = 3*l + 70. What is the units digit of (-1)/(-3) + (-187)/l?
6
Let o = 6 + -4. Suppose t - 7 - o = 0. What is the units digit of t?
9
Suppose q - 3*b + 68 = -3*q, -4*q - 68 = 5*b. Let m = -4 - q. What is the units digit of m?
3
Suppose -1255 = -5*t - 305. Suppose 5*f - 166 = 3*k, t + 28 = -4*k + 5*f. What is the units digit of k/(-14) + (-2)/(-7)?
4
Let h be (-2)/7 + 498/(-21). Let p = h - -43. Suppose -2*a - 4*w + 21 = -a, 3*a + w = p. What is the units digit of a?
5
Let o = 3 - 3. Suppose -r - r + 10 = o. Let p = r + -3. What is the units digit of p?
2
Let n(z) be the first derivative of z**3/3 + z + 5. What is the tens digit of n(-4)?
1
Let q = -10 + 15. Suppose 2*x - 1 = q. What is the units digit of x?
3
What is the tens digit of (-3 - -2)/(-2*1/38)?
1
Let r = 38 + 30. What is the units digit of r?
8
Let m(v) = -v + 10*v**3 - 3*v**3 - 3*v**3. What is the units digit of m(1)?
3
Let p(g) be the first derivative of g**5/120 - g**4/12 + 2*g**3/3 + 1. Let o(b) be the third derivative of p(b). What is the units digit of o(8)?
6
Suppose h - 2 = 1. Suppose -h*q + 6 = -q. Suppose q*w + 22 = 3*i + 70, 0 = -w - 4*i - 9. What is the units digit of w?
1
Let i(r) be the first derivative of r**6/360 + r**4/8 - r**3/3 - 1. Let a(c) be the third derivative of i(c). What is the units digit of a(0)?
3
Let n be (-94)/18 - 2/(-9). Let u = 5 + n. Suppose u = b + 3*b - 44. What is the units digit of b?
1
Suppose -3*q + 3 = -2*q. Let c be (16/(-6))/(1/q). What is the units digit of 2/(-1)*12/c?
3
What is the hundreds digit of (-232)/4*(-2 + -3 + 3)?
1
Suppose -4*d = -11*d + 1855. What is the tens digit of d?
6
Suppose 3*x - 3*a = -3, -x + 2*a = -2*x - 13. Let j = -5 - x. Suppose j*p - 21 = -3*p. What is the units digit of p?
7
Let k(w) = -2*w**3 - 3*w**2 + 2. Let r be k(-2). Suppose -r - 2 = -4*f. What is the units digit of f?
2
Let g(w) = 2*w**2 - 3*w + 1. What is the tens digit of g(-6)?
9
Let g be -2 + 54/(-2) + 1. Let d be (-64)/g - 4/14. Suppose -u + d*o = 7, -5 - 5 = 2*u - 3*o. What is the units digit of u?
1
Let w = -97 - -142. What is the tens digit of w?
4
Let r(i) = -33*i + 2. Let u = -6 - -5. What is the units digit of r(u)?
5
Let l(m) = -12*m**3 + 2*m - 1. Let g be l(1). Let q = g + 8. Let n = 9 - q. What is the tens digit of n?
1
Suppose -2*a + 45 = a. What is the units digit of a?
5
Let g(d) = -6*d + 23. What is the tens digit of g(-8)?
7
Let n(d) = -d**2 - 10*d + 42. What is the tens digit of n(-12)?
1
Suppose -13*n + 2*n + 55 = 0. What is the units digit of n?
5
Let o = 244 + -121. What is the tens digit of o?
2
Suppose -144 = -0*x - 2*x. What is the units digit of x?
2
Let t be (3 - 1)/((-10)/(-65)). Let u = t - 5. What is the units digit of u?
8
Suppose 4*s - 8 - 4 = 0. Suppose 3*m + s*g - 42 = 0, 2*m = g + 4*g + 28. What is the units digit of m?
4
Let n be (-12)/(-54) + (-2)/9. Let f = -5 - -9. Suppose 4*m - 28 = -5*w, n = w + 5*m - f*m - 5. What is the units digit of w?
8
Let x = 8 - 1. Let r = 1 - x. Let b(f) = -2*f - 9. What is the units digit of b(r)?
3
Let p be (35/4)/((-2)/(-8)). Suppose -4*w = p - 135. Suppose -5*g + 0*g = -w. What is the units digit of g?
5
Let h(p) = 43*p + 2. What is the units digit of h(2)?
8
Let q be (-6)/9*(-3)/(-2). Let v = q - -26. What is the tens digit of v?
2
Suppose 4*y - 11 + 3 = 3*k, 2*k + 3*y = -11. What is the tens digit of (-12)/5*20/k?
1
Let n = -3 + 7. What is the units digit of ((-26)/n)/((-10)/40)?
6
Let n(a) be the third derivative of a**5/60 + a**4/8 - a**3/2 - 7*a**2. What is the units digit of n(-5)?
7
Suppose 4*q + q - 40 = 0. What is the units digit of q?
8
Suppose 3*p - 82 = -2*u, -p = -5*u + 90 + 149. What is the units digit of u?
7
Suppose -110 = -2*y + 144. What is the hundreds digit of y?
1
Let g = 27 + -45. Let z = 0 - g. Suppose 3*r + 0*r = 3*t - z, t - 5*r + 14 = 0. What i